 = -4*c**2 + 8*c + 3*c**2 + 3 + 0. Suppose -4*o + 2*n + 19 + 3 = 0, -4*n - 12 = 0. What is the remainder when a(o) is divided by 10?
9
Let o = 27 + -11. Let z be ((-3)/(-9))/((-3)/(-27)). Suppose 5*c - o = z*p - 59, -2*c - 16 = -p. Calculate the remainder when 11 is divided by p.
5
Let p = -40 - -50. Calculate the remainder when 57 is divided by p.
7
Suppose 0*o + 2*o - 20 = 0. Suppose -64 = -4*y + 88. What is the remainder when y is divided by o?
8
Let v = 12 + -7. Suppose 4 = i, v*s = -0*s + 3*i + 48. What is the remainder when s is divided by 5?
2
Suppose 4*b + b = 2*z - 25, -5*b + 25 = 0. Let g = 1 + 6. Let v = 6 + g. What is the remainder when z is divided by v?
12
Suppose 20 + 6 = 2*y. Suppose -3*x - 20 = -35. What is the remainder when y is divided by x?
3
Suppose 6*m + 36 = 6. Let x = 11 + m. What is the remainder when x is divided by 4?
2
Suppose 0 = -4*q + q + 282. Calculate the remainder when q is divided by 24.
22
Suppose x + 0*x = 20. Let v(s) = -s**2 + 4*s + 5. Let q be v(5). Suppose -2*o + 4 = 0, q*o - 20 = -2*n - 3*o. What is the remainder when x is divided by n?
6
Let f(h) = -2*h - 1. Let i be f(-1). Let c be (115/3)/(i/(-3)). What is the remainder when (c/(-10))/((-2)/(-4)) is divided by 6?
5
Let i = -11 - -30. Let o = 89 - i. What is the remainder when o is divided by 18?
16
Let a = -45 + 57. What is the remainder when 131 is divided by a?
11
Suppose 5*c = 6*c - 12. Suppose 0 = -2*a + a + c. What is the remainder when 45 is divided by a?
9
Let y(o) = o**3 - o**2 + o + 2. Let w = -32 + 61. What is the remainder when w is divided by y(2)?
5
Let l(a) = -a**3 - a**2 + a + 15. What is the remainder when (-1 + 10)*(-98)/(-21) is divided by l(0)?
12
Let b(v) = v**2 - 3*v - 1. Let x be b(3). Let t be x*(0 + 1)/1. What is the remainder when 23 + (-6)/3 - t is divided by 8?
6
Let i be (-41)/(-5) + 2/(-10). Let t = i - -5. Calculate the remainder when 23 is divided by t.
10
Let q be (1/2)/(10/40). Calculate the remainder when 5 is divided by (-6)/q*10/(-15).
1
Suppose -48 = -5*m + 2*c, -5*c + 4 = m - 4*c. What is the remainder when 21 is divided by m?
5
Let k be (3 - (-9)/(-3))/(-2). Suppose k*d = 4*d - 56. Calculate the remainder when 54 is divided by d.
12
Suppose -2*w = -3*t - 22, t = -2 + 4. What is the remainder when w is divided by 5?
4
Let f be (-9)/6*32/(-6). Let u = f + -5. Suppose -w = -u - 0. Calculate the remainder when 7 is divided by w.
1
Suppose 1 + 18 = u. Suppose -56 + 16 = -4*m. Calculate the remainder when u is divided by m.
9
Suppose -3*c + 20 = c. Suppose 2*l = c*l. Suppose 2*a + a - 69 = l. What is the remainder when a is divided by 12?
11
Let s = -73 - -121. Calculate the remainder when s is divided by 17.
14
Let t = -116 - -166. Suppose -43 = -5*v + 4*u + 29, 36 = 2*v + 2*u. Let p = 29 - v. What is the remainder when t is divided by p?
11
Let g = -47 - -24. Let l = -34 - -71. Let u = g + l. Calculate the remainder when 40 is divided by u.
12
Let d(n) = n**2 + 3*n - 5. Let o(i) = 2*i**2 - 7*i - 13. What is the remainder when d(-5) is divided by o(5)?
1
Let z(a) = -a - 2. Let y be z(-4). Let x = y - 6. Calculate the remainder when 40 is divided by x*6/8*-7.
19
What is the remainder when (2 + (-5)/4)/((-7)/(-392)) is divided by 18?
6
Let k = 5 + -1. Suppose 4*y = 5*y - 2. Calculate the remainder when k is divided by y.
0
Suppose 8*r - 16 = 4*r. Suppose 9*w = r*w + 140. What is the remainder when 83 is divided by w?
27
Suppose 11*k + 210 = 16*k. What is the remainder when k/5 - 3/(-5) is divided by 6?
3
Let c = 227 - 143. Suppose 69 + c = 3*h. What is the remainder when h is divided by 13?
12
Let v be 11 - 2 - (0 - -1). Suppose -j - v = -32. What is the remainder when j is divided by 15*1 + (2 - 4)?
11
Suppose -l = -4*n - 6*l + 590, 3*l + 574 = 4*n. Calculate the remainder when n is divided by 37.
34
Suppose 0 = -5*h - 2*p + 61, 56 = 4*h - 3*p + p. Calculate the remainder when h is divided by (4/(-5))/(-4 - (-38)/10).
1
Let l = -76 + 77. Calculate the remainder when l is divided by (-2)/4 + (-3)/(-2).
0
Suppose 0*r + 156 = 2*r. What is the remainder when 25 is divided by r/9 + 4/12?
7
Suppose 4*n + 26 = -10. Let i = n + 14. Calculate the remainder when 14 is divided by i.
4
Suppose 5*d - 123 - 107 = 0. What is the remainder when d is divided by 16?
14
Suppose 2*t - 4*o - 31 - 5 = 0, -2*t - 4*o + 20 = 0. Let v = -1 + 3. Suppose v*x - 108 = -2*x. What is the remainder when x is divided by t?
13
Suppose -2*h + 8*d + 7 = 3*d, -2*h - 5*d = 3. Let v = h + 2. Suppose -2*s = v*s - 20. What is the remainder when s is divided by 2?
0
Let f = -235 + 243. Suppose 0 = -5*q - 5, 3*q + 4 = j - 12. What is the remainder when j is divided by f?
5
Let f(v) = -12*v - 6. Calculate the remainder when f(-4) is divided by 11.
9
Let s be (8/6)/(-1)*-3. Suppose 0 = k + s*q - 5, 54 = 4*k - q. Calculate the remainder when 48 is divided by k.
9
Let p(k) = 18*k**2 - 2*k + 1. Suppose 128 = 12*g - 8*g. What is the remainder when g is divided by p(1)?
15
Suppose 47 = -5*v + 192. Calculate the remainder when 85 is divided by v.
27
Let a = -1 - -3. Suppose 0 = i - a*i + 7. Suppose -30 = -w - 10. What is the remainder when w is divided by i?
6
Let o(a) be the first derivative of -5*a**2/2 + a + 3. What is the remainder when 23 is divided by o(-1)?
5
Let a = -32 - -53. Suppose -3*n + 0 + a = 0. Suppose -13 = 32*w - 33*w. Calculate the remainder when w is divided by n.
6
Let q = 64 + -42. Calculate the remainder when 42 is divided by q.
20
Let f be (-6)/(-9) + (-43)/(-3). Suppose c - f = -4*c. Calculate the remainder when 2*(5 + (-2)/2) is divided by c.
2
Let w(p) = 10*p + 1 - 9*p**2 + p**3 - 3 - 4 - 3. What is the remainder when 13 is divided by w(8)?
6
Let j = 5 + 11. Suppose -4*b - 5*u + 31 = 0, 0*b + 8 = -b + 4*u. Suppose 4*m + 147 = 5*w, -b*w + 41 = -5*m - 73. What is the remainder when w is divided by j?
15
Let o = 68 - 36. Calculate the remainder when 126 is divided by o.
30
Let x(q) = q - 2*q - 1 + 0*q**2 + 2*q**2. What is the remainder when 13 is divided by x(2)?
3
Let m be 1 + (1 + -1 - 1). Let n = m + 4. Suppose n*z - 39 = -0*z + 3*g, -3 = -g. Calculate the remainder when 35 is divided by z.
11
Let b(h) = -h + 7. Let d be 134/26 - (-4)/(-26). Let s be b(d). Suppose -2 = x + 3, 13 = s*g + 5*x. What is the remainder when g is divided by 10?
9
Let z be ((-1)/(-2))/((-1)/(-32)). Suppose z = 3*j + j. Let a = 11 + j. What is the remainder when a is divided by 9?
6
Let n = 34 - 31. Let k be 0 + (4/(-2))/(-2). Calculate the remainder when -1 - (-9*k + -1) is divided by n.
0
Suppose 35*y - 38*y = -81. What is the remainder when y is divided by 7?
6
Suppose 0 = -2*u + 4*y - 14, y = 5 - 1. Calculate the remainder when 98 is divided by (u + 14)*25/15.
23
Suppose 5*r + 622 = -4*x, x - 15 = 2*r + 226. What is the remainder when ((-1)/1)/(2/r) is divided by 32?
29
Suppose -9*s + 254 = -25. What is the remainder when s is divided by 4?
3
Suppose -138 = -2*p - 3*p + 2*m, 4*p - 112 = 2*m. Calculate the remainder when p is divided by 14.
12
Suppose -11*y = -16*y + 65. Calculate the remainder when y is divided by 9.
4
Let s = 1 + 1. Suppose s*k + 81 = 3*k. Suppose k = 9*t - 6*t. What is the remainder when t is divided by 14?
13
Let f be (198/27)/((-4)/(-6)). Suppose k = 42 - f. Calculate the remainder when k is divided by 11.
9
Let j = -7 - -2. Let l = 10 + j. Calculate the remainder when l is divided by 3.
2
Suppose 2*u = 5*u - 18. Let r = 23 - u. Calculate the remainder when r is divided by 9.
8
Let n = -6 - -14. Calculate the remainder when n is divided by (10/4)/(-1)*-2.
3
Suppose -3*q = -3*t - 0*t + 6, 6 = -t + 3*q. What is the remainder when t is divided by 1?
0
Let g = -8 - -10. Suppose 73 = g*n - 7. What is the remainder when n is divided by 21?
19
Let i = -13 - -45. Let z = i + -16. What is the remainder when 31 - 1/(-2)*-2 is divided by z?
14
What is the remainder when 78 is divided by (-8)/14 - 1508/(-91)?
14
Let p(t) = t**2 - 6*t - 5. Let a = -83 - -147. What is the remainder when 0 + (a/2)/1 is divided by p(8)?
10
Suppose 38 = -5*q + 2*n, -7*n + 3*n - 8 = 4*q. Let l = -30 - q. Let r = -12 - l. Calculate the remainder when 21 is divided by r.
9
Suppose 8*r - 10*r + 44 = 0. Calculate the remainder when r is divided by 5.
2
Let h = -16 - -32. Let